{"id":9,"date":"2012-02-11T17:30:15","date_gmt":"2012-02-11T17:30:15","guid":{"rendered":"http:\/\/miguelpons.net\/english\/?page_id=9"},"modified":"2023-11-26T13:59:45","modified_gmt":"2023-11-26T13:59:45","slug":"biography","status":"publish","type":"page","link":"http:\/\/miguelpons.net\/english\/biography\/","title":{"rendered":"Biography"},"content":{"rendered":"<div id=\"gt-res-wrap\">\n<div id=\"gt-res-content\">\n<div dir=\"ltr\" style=\"text-align: justify;\"><\/div>\n<div dir=\"ltr\" style=\"text-align: justify;\">Miguel Pons received his musical education at the\u00a0Madrid\u00a0Royal Conservatory of Music, studying\u00a0Harmony\u00a0with Gabriel Fern\u00e1ndez \u00c1lvez, Counterpoint and Fugue with Juan Carlos Panadero, Composition and Instrumentation with Valent\u00edn Ruiz and Ant\u00f3n Garc\u00eda Abril, Electroacoustics with Zulema de la Cruz, Physical and Musical Acoustics with\u00a0Antonio Calvo-Manzano, Folklore and Gregorian chant with Emilio Rey and Ismael Fern\u00e1ndez de la Cuesta, respectively, participating at the same time in\u00a0courses of\u00a0twentieth century music\u00a0analysis with Enrique Blanco and \u00c1ngel Huidobro, as well as in numerous educational meetings with composers such as Carmelo Bernaola, Rom\u00e1n Al\u00eds, Luis de Pablo, Claudio Prieto and Crist\u00f3bal Halffter, among others.\u00a0Also in this period he made the first years of Conducting and Choral Direction.\u00a0As an instrumentalist he studied piano with Rub\u00e9n Fern\u00e1ndez Picardo and Clavel Cabeza, doing different perfection courses with Marcelino\u00a0Dom\u00ednguez\u00a0and Aqu\u00edles delle Vigne.<\/div>\n<p>In this period he obtained the\u00a0Honor Award in\u00a0Harmony and Accompanied Melody, the Honor Award in Composition and Instrumentation and was graduated with honors in Accompaniment and in Musical Forms.<\/p>\n<div dir=\"ltr\" style=\"text-align: justify;\"><\/div>\n<p style=\"text-align: justify;\">In 2001 he received also the Third Prize\u00a0SGAE\u00a0for Young Composers for his work &#8220;Trobant Vents&#8221; for Wind Quintet.<\/p>\n<div dir=\"ltr\" style=\"text-align: justify;\">\n<p>Paralelly with his musical studies, he obtained a BA in Art History at the Aut\u00f3noma University of Madrid.<\/p>\n<p>Between 2005 and 2007 he was actively involved in organizing the Contemporary Music Festival of Madrid as a member of the Board of Directors of the Madrid Association of Composers, worked as a teacher in the M\u00fasica Creativa School of Madrid, as well as in the audiovisual field, he participated in Film Music and Sound Workshops organized by the\u00a0Author&#8217;s Foundation.<\/p>\n<p>His music has been performed in various national and international festivals and broadcast on television and radio, being some of the most notable performers of his music groups \u00a0like Sartory C\u00e1mara\u00a0,\u00a0the Youth Orchestra of the Community of Madrid,\u00a0Ensemble T\u00e9l\u00e9maque (Marseille),\u00a0Soloists of the Spanish National Orchestra and of the Madrid Symphony Orchestra, Nederlands Blazers Ensemble and the\u00a0Madrid\u00a0Community\u00a0Orchestra and Choir under\u00a0the baton of conductors such as Luis Aguirre, Claudio Ianni, Raoul Lay, Arturo Tamayo or Jos\u00e9 Ram\u00f3n Encinar, with whom he recorded his last three symphonic works for the collection &#8220;Spanish and Latin American Composers of Current Music&#8221; of the BBVA Foundation and the Verso record label.<\/p>\n<\/div>\n<div dir=\"ltr\" style=\"text-align: justify;\">\n<p>Professionally, he compatibilizes &#8220;concert music&#8221; with the creation and production of music for the audiovisual field such as television, advertising and fiction, with his activity as arranger in various music genres, as well as with film directing which represents, alongside with music, another of his passions.<\/p>\n<p>In 2014 he created the audiovisual production company BRIDGE MARTIN ART CINEMA with which he has currently carried out his latest projects, highlighting among the most recent the medium-length film Every Next Day or Philosophie Culinaire\u00a0among other fiction productions.<\/p>\n<div><\/div>\n<\/div>\n<\/div>\n<div id=\"gt-res-tools\"><\/div>\n<\/div>\n<div><\/div>\n","protected":false},"excerpt":{"rendered":"<p>Miguel Pons received his musical education at the\u00a0Madrid\u00a0Royal Conservatory of Music, studying\u00a0Harmony\u00a0with Gabriel Fern\u00e1ndez \u00c1lvez, Counterpoint and Fugue with Juan Carlos Panadero, Composition and Instrumentation with Valent\u00edn Ruiz and Ant\u00f3n Garc\u00eda Abril, Electroacoustics with Zulema de la Cruz, Physical and Musical Acoustics with\u00a0Antonio Calvo-Manzano, Folklore and Gregorian chant with Emilio Rey and Ismael Fern\u00e1ndez de <span class=\"more-reading\"> &hellip; <a href=\"http:\/\/miguelpons.net\/english\/biography\/\" class=\"more-reading-link\">Continue reading<\/a><\/span><\/p>\n","protected":false},"author":1,"featured_media":0,"parent":0,"menu_order":1,"comment_status":"closed","ping_status":"closed","template":"","meta":{"footnotes":""},"class_list":["post-9","page","type-page","status-publish","hentry"],"_links":{"self":[{"href":"http:\/\/miguelpons.net\/english\/wp-json\/wp\/v2\/pages\/9","targetHints":{"allow":["GET"]}}],"collection":[{"href":"http:\/\/miguelpons.net\/english\/wp-json\/wp\/v2\/pages"}],"about":[{"href":"http:\/\/miguelpons.net\/english\/wp-json\/wp\/v2\/types\/page"}],"author":[{"embeddable":true,"href":"http:\/\/miguelpons.net\/english\/wp-json\/wp\/v2\/users\/1"}],"replies":[{"embeddable":true,"href":"http:\/\/miguelpons.net\/english\/wp-json\/wp\/v2\/comments?post=9"}],"version-history":[{"count":31,"href":"http:\/\/miguelpons.net\/english\/wp-json\/wp\/v2\/pages\/9\/revisions"}],"predecessor-version":[{"id":651,"href":"http:\/\/miguelpons.net\/english\/wp-json\/wp\/v2\/pages\/9\/revisions\/651"}],"wp:attachment":[{"href":"http:\/\/miguelpons.net\/english\/wp-json\/wp\/v2\/media?parent=9"}],"curies":[{"name":"wp","href":"https:\/\/api.w.org\/{rel}","templated":true}]}}